1)*(-1 + 6)?
2
Suppose 13*n = 4 + 113. Calculate the remainder when 11 is divided by n.
2
Let l(m) = m**2 + 6*m + 6. Let h be l(-4). Let x = 6 + 9. What is the remainder when (-2)/h + (-57)/(-1) is divided by x?
13
Let f = -68 + 134. Calculate the remainder when f is divided by 12.
6
Suppose 14*p - 294 - 56 = 0. Calculate the remainder when p is divided by 7.
4
Let d = -430 - -515. Calculate the remainder when d is divided by 22.
19
Calculate the remainder when ((-144)/10)/8*-85 is divided by 14.
13
Let r(o) be the second derivative of o**4/12 + o**2/2 + 9*o. Calculate the remainder when 48 is divided by r(-4).
14
Let p(f) = 8*f - 8. Suppose -5*o + 3*o + 20 = 0. Let y be p(o). Suppose 2*r + 2*k - y - 20 = 0, k = 4. What is the remainder when r is divided by 11?
9
Let t = -452 + 480. What is the remainder when 149 is divided by t?
9
What is the remainder when -8 - ((-534944)/803 - (-4)/22) is divided by 39?
34
Let j be (-3 - (-7 + 1))/(3/3). Suppose 2*a - j*i = 597, 5*a + 962 = 4*i + 2451. Calculate the remainder when a is divided by 15.
12
Let g(b) = -b**2 - 43*b - 9. Calculate the remainder when g(-40) is divided by 56.
55
Let r be ((-176)/20 - -4)/(3/10). Calculate the remainder when r/(-136) - (-982)/34 is divided by 11.
7
Suppose 5*r + 2*j + 3*j - 10 = 0, -5*r = 3*j. Let a = -1 - r. Suppose -12 = -3*p - 3*d, -d - 10 = -a*p + 7. What is the remainder when 10 is divided by p?
3
Suppose 6 = -0*h + 3*h, 2*s - 50 = 2*h. Suppose 4*a = a + s. Let v(f) = 4*f + 8. Calculate the remainder when v(2) is divided by a.
7
Suppose 382 = 4*k + 186. Calculate the remainder when 290 is divided by k.
45
Let q(y) = y**2 - 9*y + 76. What is the remainder when q(9) is divided by 7?
6
Let d(w) = 5*w**2 - 3*w + 5. Calculate the remainder when d(2) is divided by (-21)/(-35) + (-64)/(-10).
5
Let y(d) be the second derivative of d**3/3 - 3*d**2 - 3*d. What is the remainder when 26 is divided by y(10)?
12
Let v(f) = f**3 - 22*f**2 - 3*f + 76. Calculate the remainder when 408 is divided by v(22).
8
Let i(w) = w**2 - w - 8. Let q(j) = 2*j - 1 - 3*j - 3 + 9. Calculate the remainder when i(-6) is divided by q(-4).
7
Suppose 0 = 6*g + 103 - 463. What is the remainder when g is divided by 56?
4
Let r be (-18)/(-24)*(-1)/1*4. Calculate the remainder when 3*((-55)/r - 2) is divided by 25.
24
Let u(i) = -9*i - 2. Let m be u(10). Let t = m + 105. Calculate the remainder when t is divided by 8.
5
Suppose 68 - 23 = 15*u. Let z = 17 - -19. Suppose 5*h = u*h + z. Calculate the remainder when 31 is divided by h.
13
Let i(g) = 2*g + 4. Let p = -13 - -15. Suppose 4*j = p*j + 10. Calculate the remainder when i(j) is divided by 8.
6
Calculate the remainder when 2 - 1144/(-7) - 104/(-182) is divided by 13.
10
Let u = -382 - -417. What is the remainder when 278 is divided by u?
33
Let c be 3 - (1 + -6 - (-1 - 1)). What is the remainder when (1 + -6)*52/(-10) is divided by (-13)/((-78)/120) - c?
12
Let h(d) = -d**3 + 29*d**2 - 3*d + 68. Calculate the remainder when h(28) is divided by 14.
12
Let x(f) = f + 6. Let l be x(-3). Suppose -4*g + 5*c + 12 = -l*g, -27 = 5*g + 4*c. Calculate the remainder when -123*(0 + g/9) is divided by 14.
13
Let p = 100 - 54. What is the remainder when p is divided by 38?
8
Let t = 57 + -55. Let j = -5 + 10. Suppose j*d - 35 = -5*b, 3*b = 4*d - t*d - 14. Calculate the remainder when d is divided by 3.
1
Let t(f) = 18*f + 319. Calculate the remainder when t(-12) is divided by 17.
1
Let g(n) = -3*n**3 - 3*n**2 - 5*n - 4. Let v(i) = i**2 - 5*i - 2. Let b = 8 - 0. Calculate the remainder when g(-3) is divided by v(b).
21
Let w(o) = o**2 + 9*o + 8. Let u be w(-8). Suppose -4*v - v + 30 = u. Let k(p) = 3*p + 2. What is the remainder when k(5) is divided by v?
5
Let l = -27 - -35. Suppose 4*c = -13 - 7, 2*c + 71 = b. Calculate the remainder when b/2 + 2/4 is divided by l.
7
Suppose 0 = -65*n - 22397 + 77972. What is the remainder when n is divided by 78?
75
Let j(f) be the first derivative of 23*f**2/2 - 2*f + 22. Let z(d) = d + 1. Let u be z(0). What is the remainder when j(u) is divided by 8?
5
Let d = 209 - 149. Suppose 82*s = 26*s - 539 + 1827. Calculate the remainder when d is divided by s.
14
Let m(f) = 10*f - 15. Let j be m(6). Let a = 74 - j. Suppose 3*n - 5*q = 104, 5*n + a = -3*q + 191. Calculate the remainder when 96 is divided by n.
30
Calculate the remainder when -7 + (5 - -11) + 170 is divided by 45.
44
Suppose 0 = -53*v + 46*v + 434. What is the remainder when 246 is divided by v?
60
Suppose -2*f + 5*k + 47 = f, 5*f - 3*k = 57. Let o be -5 - (2 + (-5)/1). Calculate the remainder when f is divided by o/(-2) - (2 + -6).
4
Let g = 96 + -83. Suppose 0 = 4*j - 93 + g. Calculate the remainder when 57 is divided by j.
17
Let n = 38 + -23. Calculate the remainder when 16 is divided by (3 + (-52)/20)*n.
4
Suppose -21 = -g + 3*d + 2*d, 9 = -3*d. What is the remainder when 9 is divided by g?
3
Let d = -166 - -525. What is the remainder when d is divided by 45?
44
Let h = -44 + 47. Suppose 0 = -x - 2*w + w + 20, 2*w = -h*x + 63. Calculate the remainder when 181 is divided by x.
20
Let t(r) = -14*r + 32. Let s be t(-10). Let x = -82 + s. Calculate the remainder when x is divided by 31.
28
Suppose 40 = -67*n + 72*n. Calculate the remainder when 109 is divided by n.
5
Suppose 6 = 3*f, 5*f - 6*f = -3*m + 91. Suppose -s - 4*d = -m, -s - 5 = -4*d - d. What is the remainder when 58 is divided by s?
13
Let a be (0*(-1 - -2)*-1)/4. Suppose 0 = -q + 1, g + a*q - 21 = -q. What is the remainder when 35 is divided by g?
15
Let w = 8 - 2. Suppose -4*g + 36 = -0*g. Let r = g - w. Calculate the remainder when r is divided by 3.
0
Let r = -222 + 537. What is the remainder when 45/36 - r/(-4) is divided by 12?
8
Suppose v + 5*d - 26 - 3 = 0, 2*d + 19 = 3*v. Suppose -3*t + 6*t - v = 0. Suppose 7*h = t*h + 12. Calculate the remainder when h is divided by 3.
0
Calculate the remainder when 68/(-6)*(-5 - (-6 + 7)) is divided by 28.
12
Let w(d) = 4*d**2 - d + 4. Calculate the remainder when w(-3) is divided by (-20)/(-12) + 1536/72.
20
Suppose c - 5*s = 69, -4*c + 139 = s - 95. Calculate the remainder when c is divided by 2 - 3/((-3)/19).
17
Let m(d) = -d**3 - 27*d**2 + 15*d - 31. Calculate the remainder when m(-28) is divided by 69.
57
Suppose 0 = -3*b - 15 + 36. Suppose b*x = 52 + 25. Suppose 0 = -2*m + 11 + x. What is the remainder when 41 is divided by m?
8
Let n(f) = -f + 23. Let d = -23 + 13. Calculate the remainder when 97 is divided by n(d).
31
Suppose -5*m + 34 + 6 = -5*t, 2*t + m = -10. Let r(c) = 2*c**2 + 6*c - 4. Calculate the remainder when r(t) is divided by 11.
10
Let v(t) = -t**3 + 19*t**2 - 17*t + 66. What is the remainder when 669 is divided by v(18)?
81
Let w(a) = 7*a**2 + 4*a + 12. What is the remainder when 126 is divided by w(-2)?
30
What is the remainder when 3533/11 - 6/33 is divided by 19?
17
Let b(y) be the third derivative of -y**4/8 + y**3/2 + 4*y**2. Let q be b(8). Let s = 48 + q. What is the remainder when s is divided by 15?
12
Let s(b) = -32*b**3 - 2*b - 1. Let m be (12/30)/((-4)/10). What is the remainder when s(m) is divided by 23?
10
Let p(n) = -n + 17. Suppose 4*r = f + 5*r + 9, -2*r = -2*f - 18. Calculate the remainder when p(f) is divided by 14.
12
Let z = -65 - -144. Let r be 2/7 - 5/(210/12). Suppose 2*v - 38 - 16 = r. Calculate the remainder when z is divided by v.
25
Suppose -2*z - 4*x + 52 = -22, 3*z - x - 139 = 0. Calculate the remainder when 357 is divided by z.
42
Suppose -120 = -5*m + 55. Let a be 38/(-4) - 1/(-2). Let d(o) = -o + 3. What is the remainder when m is divided by d(a)?
11
Let f = -133 - -95. Let j = 65 + f. Calculate the remainder when 51 is divided by ((-4)/2)/((-3)/j).
15
Let l(y) = 67*y - 250. What is the remainder when l(7) is divided by 14?
9
Let n(d) = 23*d + 191. Calculate the remainder when n(-6) is divided by 16.
5
Let b be ((-5)/15)/(3/(-2583)). Suppose 44 = -3*g + b. Calculate the remainder when g is divided by 14.
11
Suppose -3*l - 4*q - 112 = -651, -4*q = -l + 185. Calculate the remainder when l is divided by 23.
20
Let n be (28/(-21))/((-2)/6). Suppose 5*c + 0*c - 4*j = 87, -3*c - n*j = -33. Calculate the remainder when (4 - 1)/(c/20) is divided by 1.
0
Let k = 447 + -352. Calculate the remainder when k is divi